{"id":176674,"date":"2026-08-03T10:52:21","date_gmt":"2026-08-03T15:52:21","guid":{"rendered":"https:\/\/colwagen.com\/usados\/vehiculos\/audi-a4-2-0-40-tfsi-prestige-black-4\/"},"modified":"2026-08-26T11:27:22","modified_gmt":"2026-08-26T16:27:22","slug":"audi-a4-2-0-40-tfsi-prestige-black-4","status":"publish","type":"vehiculos","link":"https:\/\/colwagen.com\/usados\/vehiculos\/audi-a4-2-0-40-tfsi-prestige-black-4\/","title":{"rendered":"Audi A4 2.0 40 Tfsi Prestige Black"},"content":{"rendered":"","protected":false},"author":0,"featured_media":176675,"comment_status":"closed","ping_status":"closed","template":"","meta":{"_acf_changed":false,"footnotes":""},"categoria_vehiculo":[10],"class_list":["post-176674","vehiculos","type-vehiculos","status-publish","has-post-thumbnail","hentry","categoria_vehiculo-audi"],"acf":{"img-frente":"https:\/\/http2.mlstatic.com\/D_822979-MCO115521675037_082026-O.jpg","img-izquierda":"https:\/\/http2.mlstatic.com\/D_987918-MCO115521939731_082026-O.jpg","img-derecha":"https:\/\/http2.mlstatic.com\/D_885165-MCO115522205257_082026-O.jpg","img-atras":"https:\/\/http2.mlstatic.com\/D_878808-MCO114189477754_082026-O.jpg","img-interior":"https:\/\/http2.mlstatic.com\/D_707864-MCO115522205255_082026-O.jpg","img-diagonal-izquierda":"https:\/\/http2.mlstatic.com\/D_619439-MCO114189477752_082026-O.jpg","img-diagonal-derecha":"https:\/\/http2.mlstatic.com\/D_880295-MCO114189182876_082026-O.jpg","img-tablero":"https:\/\/http2.mlstatic.com\/D_833430-MCO114188828696_082026-O.jpg","img-puerta-izquierda-deltantera":"https:\/\/http2.mlstatic.com\/D_702116-MCO115522205263_082026-O.jpg","img-puerta-derecha-deltantera":"https:\/\/http2.mlstatic.com\/D_839286-MCO114188828698_082026-O.jpg","img-prueta-trasera-1":"https:\/\/http2.mlstatic.com\/D_995243-MCO115521939737_082026-O.jpg","img-prueta-trasera-2":"https:\/\/http2.mlstatic.com\/D_761297-MCO115521675115_082026-O.jpg","img-baul-1":"https:\/\/http2.mlstatic.com\/D_696059-MCO114188503748_082026-O.jpg","img-baul-2":"https:\/\/http2.mlstatic.com\/D_602422-MCO114188503750_082026-O.jpg","img-motor":"https:\/\/http2.mlstatic.com\/D_714927-MCO114189152914_082026-O.jpg","ano":2024,"precio":132900000,"kilometraje":18059,"motor":"2.0","transmision":"Autom\u00e1tica","carroceria":"Sed\u00e1n","marca":"Audi","modelo":"A4","color":"Blanco","combustible":"H\u00edbrido","puertas":"4","capacidad":"5","traccion":"Delantera","valvulas":"3"},"_links":{"self":[{"href":"https:\/\/colwagen.com\/usados\/wp-json\/wp\/v2\/vehiculos\/176674","targetHints":{"allow":["GET"]}}],"collection":[{"href":"https:\/\/colwagen.com\/usados\/wp-json\/wp\/v2\/vehiculos"}],"about":[{"href":"https:\/\/colwagen.com\/usados\/wp-json\/wp\/v2\/types\/vehiculos"}],"replies":[{"embeddable":true,"href":"https:\/\/colwagen.com\/usados\/wp-json\/wp\/v2\/comments?post=176674"}],"version-history":[{"count":1,"href":"https:\/\/colwagen.com\/usados\/wp-json\/wp\/v2\/vehiculos\/176674\/revisions"}],"predecessor-version":[{"id":176678,"href":"https:\/\/colwagen.com\/usados\/wp-json\/wp\/v2\/vehiculos\/176674\/revisions\/176678"}],"wp:featuredmedia":[{"embeddable":true,"href":"https:\/\/colwagen.com\/usados\/wp-json\/wp\/v2\/media\/176675"}],"wp:attachment":[{"href":"https:\/\/colwagen.com\/usados\/wp-json\/wp\/v2\/media?parent=176674"}],"wp:term":[{"taxonomy":"categoria_vehiculo","embeddable":true,"href":"https:\/\/colwagen.com\/usados\/wp-json\/wp\/v2\/categoria_vehiculo?post=176674"}],"curies":[{"name":"wp","href":"https:\/\/api.w.org\/{rel}","templated":true}]}}

Automática

Sedán

Híbrido
