{"id":98,"date":"2022-02-21T14:35:05","date_gmt":"2022-02-21T19:35:05","guid":{"rendered":"https:\/\/colwagen.com\/usados\/?page_id=98"},"modified":"2024-04-25T11:06:41","modified_gmt":"2024-04-25T16:06:41","slug":"contacto","status":"publish","type":"page","link":"https:\/\/colwagen.com\/usados\/contacto\/","title":{"rendered":"Contacto"},"content":{"rendered":"<p>[vc_section full_width=&#8221;stretch_row&#8221; css=&#8221;.vc_custom_1645472128249{background-image: url(https:\/\/colwagen.com\/usados\/wp-content\/uploads\/2022\/02\/contactenos.jpg?id=99) !important;background-position: center !important;background-repeat: no-repeat !important;background-size: cover !important;}&#8221; el_class=&#8221;contacto-seccion&#8221;][\/vc_section][vc_section full_width=&#8221;stretch_row&#8221; el_class=&#8221;formulario-contacto&#8221;][vc_row full_width=&#8221;stretch_row&#8221;][vc_column width=&#8221;1\/6&#8243;][\/vc_column][vc_column width=&#8221;2\/3&#8243; el_class=&#8221;form-contenedor&#8221;][vc_column_text el_class=&#8221;titulo centro&#8221;]<\/p>\n<h2 style=\"text-align: center;\">Cont\u00e1ctanos<\/h2>\n<p style=\"text-align: center;\">Cu\u00e9ntanos en que podemos ayudarte y pronto unos de nuestros asesores se pondr\u00e1 en contacto contigo.<\/p>\n<div class=\"wpcf7 no-js\" id=\"wpcf7-f104-o1\" lang=\"es-ES\" dir=\"ltr\" data-wpcf7-id=\"104\">\n<div class=\"screen-reader-response\"><p role=\"status\" aria-live=\"polite\" aria-atomic=\"true\"><\/p> <ul><\/ul><\/div>\n<form action=\"\/usados\/wp-json\/wp\/v2\/pages\/98#wpcf7-f104-o1\" method=\"post\" class=\"wpcf7-form init\" aria-label=\"Formulario de contacto\" novalidate=\"novalidate\" data-status=\"init\">\n<fieldset class=\"hidden-fields-container\"><input type=\"hidden\" name=\"_wpcf7\" value=\"104\" \/><input type=\"hidden\" name=\"_wpcf7_version\" value=\"6.1.5\" \/><input type=\"hidden\" name=\"_wpcf7_locale\" value=\"es_ES\" \/><input type=\"hidden\" name=\"_wpcf7_unit_tag\" value=\"wpcf7-f104-o1\" \/><input type=\"hidden\" name=\"_wpcf7_container_post\" value=\"0\" \/><input type=\"hidden\" name=\"_wpcf7_posted_data_hash\" value=\"\" \/><input type=\"hidden\" name=\"_wpcf7cf_hidden_group_fields\" value=\"[]\" \/><input type=\"hidden\" name=\"_wpcf7cf_hidden_groups\" value=\"[]\" \/><input type=\"hidden\" name=\"_wpcf7cf_visible_groups\" value=\"[]\" \/><input type=\"hidden\" name=\"_wpcf7cf_repeaters\" value=\"[]\" \/><input type=\"hidden\" name=\"_wpcf7cf_steps\" value=\"{}\" \/><input type=\"hidden\" name=\"_wpcf7cf_options\" value=\"{&quot;form_id&quot;:104,&quot;conditions&quot;:[],&quot;settings&quot;:{&quot;animation&quot;:&quot;yes&quot;,&quot;animation_intime&quot;:200,&quot;animation_outtime&quot;:200,&quot;conditions_ui&quot;:&quot;normal&quot;,&quot;notice_dismissed&quot;:false}}\" \/><input type=\"hidden\" name=\"_wpcf7_recaptcha_response\" value=\"\" \/>\n<\/fieldset>\n<p><span class=\"wpcf7-form-control-wrap\" data-name=\"nombre\"><input size=\"40\" maxlength=\"400\" class=\"wpcf7-form-control wpcf7-text wpcf7-validates-as-required\" aria-required=\"true\" aria-invalid=\"false\" placeholder=\"Nombre\" value=\"\" type=\"text\" name=\"nombre\" \/><\/span><br \/>\n<span class=\"wpcf7-form-control-wrap\" data-name=\"apellido\"><input size=\"40\" maxlength=\"400\" class=\"wpcf7-form-control wpcf7-text wpcf7-validates-as-required\" aria-required=\"true\" aria-invalid=\"false\" placeholder=\"Apellido\" value=\"\" type=\"text\" name=\"apellido\" \/><\/span><br \/>\n<span class=\"wpcf7-form-control-wrap\" data-name=\"telefono\"><input size=\"40\" maxlength=\"400\" class=\"wpcf7-form-control wpcf7-tel wpcf7-validates-as-required wpcf7-text wpcf7-validates-as-tel\" aria-required=\"true\" aria-invalid=\"false\" placeholder=\"Tel\u00e9fono\" value=\"\" type=\"tel\" name=\"telefono\" \/><\/span><br \/>\n<span class=\"wpcf7-form-control-wrap\" data-name=\"email\"><input size=\"40\" maxlength=\"400\" class=\"wpcf7-form-control wpcf7-email wpcf7-validates-as-required wpcf7-text wpcf7-validates-as-email\" aria-required=\"true\" aria-invalid=\"false\" placeholder=\"E-mail\" value=\"\" type=\"email\" name=\"email\" \/><\/span><br \/>\n<span class=\"wpcf7-form-control-wrap\" data-name=\"unidad_negocio\"><select class=\"wpcf7-form-control wpcf7-select wpcf7-validates-as-required\" aria-required=\"true\" aria-invalid=\"false\" name=\"unidad_negocio\"><option value=\"\">Servicio de Inter\u00e9s<\/option><option value=\"Vender mi usado\">Vender mi usado<\/option><option value=\"Comprar un usado\">Comprar un usado<\/option><\/select><\/span><br \/>\n<span class=\"wpcf7-form-control-wrap\" data-name=\"mensaje\"><input size=\"40\" maxlength=\"400\" class=\"wpcf7-form-control wpcf7-text wpcf7-validates-as-required\" aria-required=\"true\" aria-invalid=\"false\" placeholder=\"Mensaje\" value=\"\" type=\"text\" name=\"mensaje\" \/><\/span><br \/>\n<span class=\"wpcf7-form-control-wrap\" data-name=\"terminos\"><span class=\"wpcf7-form-control wpcf7-acceptance\"><span class=\"wpcf7-list-item\"><label><input type=\"checkbox\" name=\"terminos\" value=\"1\" checked=\"checked\" aria-invalid=\"false\" \/><span class=\"wpcf7-list-item-label\">Acepto <a href=\"https:\/\/colwagen.com\/usados\/politica-de-tratamiento-de-datos-personales\/\" target=\"_blank\">t\u00e9rminos y condiciones<\/a><\/span><\/label><\/span><\/span><\/span><br \/>\n<input class=\"wpcf7-form-control wpcf7-hidden\" value=\"Contacto\" type=\"hidden\" name=\"formulario\" \/>\n<input class=\"wpcf7-form-control wpcf7-hidden\" value=\"OrganicoFormulario\" type=\"hidden\" name=\"utm_source\" \/>\n<input class=\"wpcf7-form-control wpcf7-hidden\" value=\"\" type=\"hidden\" name=\"utm_campaign\" \/>\n<input class=\"wpcf7-form-control wpcf7-hidden\" value=\"\" type=\"hidden\" name=\"utm_term\" \/>\n<input class=\"wpcf7-form-control wpcf7-hidden\" value=\"\" type=\"hidden\" name=\"utm_medium\" \/>\n<input class=\"wpcf7-form-control wpcf7-hidden\" value=\"\" type=\"hidden\" name=\"utm_content\" \/>\n<input class=\"wpcf7-form-control wpcf7-hidden\" id=\"agencia\" value=\"\" type=\"hidden\" name=\"agencia\" \/><br \/>\n<input class=\"wpcf7-form-control wpcf7-hidden\" value=\"\" type=\"hidden\" name=\"gclid\" \/><input type=\"hidden\" name=\"handl_url\" value=\"https:\/\/colwagen.com\/usados\/wp-json\/wp\/v2\/pages\/98\" \/><input type=\"hidden\" name=\"handl_original_ref\" value=\"https:\/\/colwagen.com\/usados\/audi-usados\/modelo-a3-or-a6-or-e-tron-or-q2-or-q3\/transmision-automatica\/carroceria-hatchback-or-sedan-or-suv\/anios-2019\" \/><input type=\"hidden\" name=\"handl_landing_page\" value=\"https:\/\/colwagen.com\/usados\/audi-usados\/modelo-a3-or-a6-or-e-tron-or-q2-or-q3\/transmision-automatica\/carroceria-hatchback-or-sedan-or-suv\/anios-2019\" \/><input type=\"hidden\" name=\"handl_ip\" value=\"216.73.216.80\" \/><input type=\"hidden\" name=\"handl_ref\" value=\"\" \/>\n<\/p>\n<div class=\"confirmbtn\">\n\t<p><input class=\"wpcf7-form-control wpcf7-submit has-spinner\" type=\"submit\" value=\"Enviar\" \/>\n\t<\/p>\n<\/div><input type='hidden' class='wpcf7-pum' value='{\"closepopup\":false,\"closedelay\":0,\"openpopup\":false,\"openpopup_id\":0}' \/><div class=\"wpcf7-response-output\" aria-hidden=\"true\"><\/div>\n<\/form>\n<\/div>\n[\/vc_column_text][\/vc_column][vc_column width=&#8221;1\/6&#8243;][\/vc_column][\/vc_row][vc_row disable_element=&#8221;yes&#8221;][vc_column width=&#8221;1\/3&#8243;][\/vc_column][vc_column width=&#8221;1\/3&#8243;][vc_column_text el_class=&#8221;redes-contacto&#8221;]<\/p>\n<p style=\"text-align: center;\">S\u00edguenos en<\/p>\n<ul>\n<li><a href=\"#\"><img loading=\"lazy\" decoding=\"async\" class=\"alignnone size-full wp-image-109\" src=\"https:\/\/colwagen.com\/usados\/wp-content\/uploads\/2022\/02\/facebook-cont.png\" alt=\"\" width=\"25\" height=\"25\" \/><\/a><\/li>\n<li><a href=\"#\"><img loading=\"lazy\" decoding=\"async\" class=\"alignnone size-full wp-image-110\" src=\"https:\/\/colwagen.com\/usados\/wp-content\/uploads\/2022\/02\/instagram-cont.png\" alt=\"\" width=\"25\" height=\"25\" \/><\/a><\/li>\n<li><a href=\"#\"><img loading=\"lazy\" decoding=\"async\" class=\"alignnone size-full wp-image-111\" src=\"https:\/\/colwagen.com\/usados\/wp-content\/uploads\/2022\/02\/youtube-cont.png\" alt=\"\" width=\"25\" height=\"25\" \/><\/a><\/li>\n<\/ul>\n<p>[\/vc_column_text][\/vc_column][vc_column width=&#8221;1\/3&#8243;][\/vc_column][\/vc_row][\/vc_section][vc_row][vc_column width=&#8221;1\/6&#8243;][\/vc_column][vc_column width=&#8221;2\/3&#8243;][vc_row_inner equal_height=&#8221;yes&#8221; content_placement=&#8221;middle&#8221; gap=&#8221;25&#8243;][vc_column_inner width=&#8221;1\/3&#8243; css=&#8221;.vc_custom_1645474419602{background-color: #f7f7f7 !important;}&#8221;][vc_column_text el_class=&#8221;contacto-datos&#8221;]<a href=\"tel:312 4873521\"><img loading=\"lazy\" decoding=\"async\" class=\"size-full wp-image-117 alignnone\" src=\"https:\/\/colwagen.com\/usados\/wp-content\/uploads\/2022\/02\/telefono-cont.png\" alt=\"\" width=\"53\" height=\"53\" \/><br \/>\n3124873521<\/a><\/p>\n<p><a href=\"#567\">#567 &#8211; S\u00f3lo para usuarios claro\u00a0<\/a>[\/vc_column_text][\/vc_column_inner][vc_column_inner width=&#8221;1\/3&#8243; css=&#8221;.vc_custom_1645474423965{background-color: #f7f7f7 !important;}&#8221;][vc_column_text el_class=&#8221;contacto-datos&#8221;]<a href=\"mailto:info@colwagen.com.co\"><img loading=\"lazy\" decoding=\"async\" class=\"alignnone size-full wp-image-116\" src=\"https:\/\/colwagen.com\/usados\/wp-content\/uploads\/2022\/02\/email-cont.png\" alt=\"\" width=\"60\" height=\"42\" \/><br \/>\ninfo@colwagen.com.co<\/a>[\/vc_column_text][\/vc_column_inner][vc_column_inner width=&#8221;1\/3&#8243; css=&#8221;.vc_custom_1645474428176{background-color: #f7f7f7 !important;}&#8221;][vc_column_text el_class=&#8221;contacto-datos&#8221;]<img loading=\"lazy\" decoding=\"async\" class=\"alignnone size-full wp-image-115\" src=\"https:\/\/colwagen.com\/usados\/wp-content\/uploads\/2022\/02\/direccion-cont.png\" alt=\"\" width=\"43\" height=\"61\" \/><br \/>\nKm. 20 v\u00eda Bogot\u00e1 &#8211; Ch\u00eda D, Ch\u00eda[\/vc_column_text][\/vc_column_inner][\/vc_row_inner][\/vc_column][vc_column width=&#8221;1\/6&#8243;][\/vc_column][\/vc_row]<\/p>\n","protected":false},"excerpt":{"rendered":"<p>[vc_section full_width=&#8221;stretch_row&#8221; css=&#8221;.vc_custom_1645472128249{background-image: url(https:\/\/colwagen.com\/usados\/wp-content\/uploads\/2022\/02\/contactenos.jpg?id=99) !important;background-position: center !important;background-repeat: no-repeat !important;background-size: cover !important;}&#8221; el_class=&#8221;contacto-seccion&#8221;][\/vc_section][vc_section full_width=&#8221;stretch_row&#8221; el_class=&#8221;formulario-contacto&#8221;][vc_row full_width=&#8221;stretch_row&#8221;][vc_column width=&#8221;1\/6&#8243;][\/vc_column][vc_column width=&#8221;2\/3&#8243; el_class=&#8221;form-contenedor&#8221;][vc_column_text el_class=&#8221;titulo centro&#8221;] Cont\u00e1ctanos Cu\u00e9ntanos en que podemos ayudarte y pronto unos de nuestros asesores se pondr\u00e1 en contacto contigo. [\/vc_column_text][\/vc_column][vc_column width=&#8221;1\/6&#8243;][\/vc_column][\/vc_row][vc_row disable_element=&#8221;yes&#8221;][vc_column width=&#8221;1\/3&#8243;][\/vc_column][vc_column width=&#8221;1\/3&#8243;][vc_column_text el_class=&#8221;redes-contacto&#8221;] S\u00edguenos en [\/vc_column_text][\/vc_column][vc_column width=&#8221;1\/3&#8243;][\/vc_column][\/vc_row][\/vc_section][vc_row][vc_column width=&#8221;1\/6&#8243;][\/vc_column][vc_column width=&#8221;2\/3&#8243;][vc_row_inner equal_height=&#8221;yes&#8221; content_placement=&#8221;middle&#8221; gap=&#8221;25&#8243;][vc_column_inner width=&#8221;1\/3&#8243; css=&#8221;.vc_custom_1645474419602{background-color: #f7f7f7 [&hellip;]<\/p>\n","protected":false},"author":1,"featured_media":0,"parent":0,"menu_order":0,"comment_status":"closed","ping_status":"closed","template":"","meta":{"_acf_changed":false,"footnotes":""},"class_list":["post-98","page","type-page","status-publish","hentry"],"acf":[],"_links":{"self":[{"href":"https:\/\/colwagen.com\/usados\/wp-json\/wp\/v2\/pages\/98","targetHints":{"allow":["GET"]}}],"collection":[{"href":"https:\/\/colwagen.com\/usados\/wp-json\/wp\/v2\/pages"}],"about":[{"href":"https:\/\/colwagen.com\/usados\/wp-json\/wp\/v2\/types\/page"}],"author":[{"embeddable":true,"href":"https:\/\/colwagen.com\/usados\/wp-json\/wp\/v2\/users\/1"}],"replies":[{"embeddable":true,"href":"https:\/\/colwagen.com\/usados\/wp-json\/wp\/v2\/comments?post=98"}],"version-history":[{"count":26,"href":"https:\/\/colwagen.com\/usados\/wp-json\/wp\/v2\/pages\/98\/revisions"}],"predecessor-version":[{"id":8035,"href":"https:\/\/colwagen.com\/usados\/wp-json\/wp\/v2\/pages\/98\/revisions\/8035"}],"wp:attachment":[{"href":"https:\/\/colwagen.com\/usados\/wp-json\/wp\/v2\/media?parent=98"}],"curies":[{"name":"wp","href":"https:\/\/api.w.org\/{rel}","templated":true}]}}